{"id":7,"date":"2022-02-07T14:20:17","date_gmt":"2022-02-07T13:20:17","guid":{"rendered":"http:\/\/localhost\/lpb\/contactez-nous\/"},"modified":"2024-08-29T16:33:55","modified_gmt":"2024-08-29T14:33:55","slug":"contact-plombier-chauffage-sanitaires-paray-cluny-71","status":"publish","type":"page","link":"https:\/\/lbp-chauffage.fr\/wbst\/contact-plombier-chauffage-sanitaires-paray-cluny-71\/","title":{"rendered":"Contactez LBP Chauffage pour vos besoins en plomberie et sanitaire aux alentours de Cluny."},"content":{"rendered":"\n<div class=\"wp-block-columns is-layout-flex wp-container-core-columns-is-layout-9d6595d7 wp-block-columns-is-layout-flex\">\n<div class=\"wp-block-column is-layout-flow wp-block-column-is-layout-flow\">\n<p><strong>LBP Chauffage<\/strong><br>254 route des Truges<br>71520 &#8211; Trivy<br>France<\/p>\n<p><strong>T\u00e9l : <a href='tel:03 45 87 96 53'>03 45 87 96 53<\/a><\/strong><\/p>\n\n\n\n<h2 class=\"wp-block-heading\" id=\"nous-situer\">Nous situer<\/h2>\n\n\n\n<iframe src=\"https:\/\/www.google.com\/maps\/embed?pb=!1m14!1m8!1m3!1d11007.0595810491!2d4.488783!3d46.3938879!3m2!1i1024!2i768!4f13.1!3m3!1m2!1s0x0%3A0xddd88097f13ab706!2sLBP%20CHAUFFAGE!5e0!3m2!1sfr!2sfr!4v1648201601403!5m2!1sfr!2sfr\" width=\"6800\" height=\"600\" style=\"border:0;\" allowfullscreen=\"\" loading=\"lazy\" referrerpolicy=\"no-referrer-when-downgrade\"><\/iframe>\n<\/div>\n\n\n\n<div class=\"wp-block-column is-layout-flow wp-block-column-is-layout-flow\">\n<div class=\"wpcf7 no-js\" id=\"wpcf7-f334-o1\" lang=\"fr-FR\" dir=\"ltr\" data-wpcf7-id=\"334\">\n<div class=\"screen-reader-response\"><p role=\"status\" aria-live=\"polite\" aria-atomic=\"true\"><\/p> <ul><\/ul><\/div>\n<form action=\"\/wbst\/wp-json\/wp\/v2\/pages\/7#wpcf7-f334-o1\" method=\"post\" class=\"wpcf7-form init\" aria-label=\"Formulaire de contact\" novalidate=\"novalidate\" data-status=\"init\">\n<fieldset class=\"hidden-fields-container\"><input type=\"hidden\" name=\"_wpcf7\" value=\"334\" \/><input type=\"hidden\" name=\"_wpcf7_version\" value=\"6.1.5\" \/><input type=\"hidden\" name=\"_wpcf7_locale\" value=\"fr_FR\" \/><input type=\"hidden\" name=\"_wpcf7_unit_tag\" value=\"wpcf7-f334-o1\" \/><input type=\"hidden\" name=\"_wpcf7_container_post\" value=\"0\" \/><input type=\"hidden\" name=\"_wpcf7_posted_data_hash\" value=\"\" \/><input type=\"hidden\" name=\"_wpcf7_recaptcha_response\" value=\"\" \/>\n<\/fieldset>\n<p><label> Votre nom (obligatoire)<br \/>\n<span class=\"wpcf7-form-control-wrap\" data-name=\"your-name\"><input size=\"40\" maxlength=\"400\" class=\"wpcf7-form-control wpcf7-text wpcf7-validates-as-required\" aria-required=\"true\" aria-invalid=\"false\" value=\"\" type=\"text\" name=\"your-name\" \/><\/span> <\/label>\n<\/p>\n<p><label> Votre e-mail (obligatoire)<br \/>\n<span class=\"wpcf7-form-control-wrap\" data-name=\"your-email\"><input size=\"40\" maxlength=\"400\" class=\"wpcf7-form-control wpcf7-email wpcf7-validates-as-required wpcf7-text wpcf7-validates-as-email\" aria-required=\"true\" aria-invalid=\"false\" value=\"\" type=\"email\" name=\"your-email\" \/><\/span> <\/label>\n<\/p>\n<p><label> Votre t\u00e9l\u00e9phone<br \/>\n<span class=\"wpcf7-form-control-wrap\" data-name=\"your-phone\"><input size=\"40\" maxlength=\"400\" class=\"wpcf7-form-control wpcf7-tel wpcf7-text wpcf7-validates-as-tel\" aria-invalid=\"false\" value=\"\" type=\"tel\" name=\"your-phone\" \/><\/span> <\/label>\n<\/p>\n<p><label> Sujet<br \/>\n<span class=\"wpcf7-form-control-wrap\" data-name=\"your-subject\"><input size=\"40\" maxlength=\"400\" class=\"wpcf7-form-control wpcf7-text\" aria-invalid=\"false\" value=\"\" type=\"text\" name=\"your-subject\" \/><\/span> <\/label>\n<\/p>\n<p><label> Votre message<br \/>\n<span class=\"wpcf7-form-control-wrap\" data-name=\"your-message\"><textarea cols=\"40\" rows=\"10\" maxlength=\"2000\" class=\"wpcf7-form-control wpcf7-textarea\" aria-invalid=\"false\" name=\"your-message\"><\/textarea><\/span> <\/label>\n<\/p>\n<p><div id=\"cf7sr-69f278856f86b\" class=\"cf7sr-g-recaptcha\" data-theme=\"light\" data-type=\"image\" data-size=\"normal\" data-sitekey=\"6LfPqF4qAAAAACroo45xJwC6YmMO4w1wAI4WHtPk\"><\/div><span class=\"wpcf7-form-control-wrap cf7sr-recaptcha\" data-name=\"cf7sr-recaptcha\"><input type=\"hidden\" name=\"cf7sr-recaptcha\" value=\"\" class=\"wpcf7-form-control\"><\/span>\n<\/p>\n<p><input class=\"wpcf7-form-control wpcf7-submit has-spinner\" type=\"submit\" value=\"Envoyer\" \/>\n<\/p><p style=\"display: none !important;\" class=\"akismet-fields-container\" data-prefix=\"_wpcf7_ak_\"><label>&#916;<textarea name=\"_wpcf7_ak_hp_textarea\" cols=\"45\" rows=\"8\" maxlength=\"100\"><\/textarea><\/label><input type=\"hidden\" id=\"ak_js_1\" name=\"_wpcf7_ak_js\" value=\"133\"\/><script>document.getElementById( \"ak_js_1\" ).setAttribute( \"value\", ( new Date() ).getTime() );<\/script><\/p><div class=\"wpcf7-response-output\" aria-hidden=\"true\"><\/div>\n<\/form>\n<\/div>\n\n\n\n\n<p><em style=\"font-size: 0.8em; line-height: 0.9em;\">Nous vous informons qu\u2019au titre du respect de la r\u00e8glement europ\u00e9enne sur la protection des donn\u00e9es (RGPD), les informations communiqu\u00e9es par vos soins via ce formulaire permettent le traitement de votre demande. Elles sont transmises de mani\u00e8re s\u00e9curis\u00e9e \u00e0 l&rsquo;\u00e9diteur du site internet et stock\u00e9es dans un syst\u00e8me informatique s\u00e9curis\u00e9 install\u00e9 sur le territoire fran\u00e7ais. <b>Elles ne seront pas c\u00e9d\u00e9es \u00e0 des tiers, que ce soit \u00e0 titre on\u00e9reux ou gratuit<\/b>. Vous disposez des droits d\u2019acc\u00e8s, de rectification et de suppression des informations vous concernant. Vous pouvez exercer ce droit en nous contactant directement via ce formulaire : <a href=\"https:\/\/lbp-chauffage.fr\/wbst\/contact-plombier-chauffage-sanitaires-paray-cluny-71\/\">Contactez-nous<\/a><\/em><\/p>\n\n\n\n<p><em style=\"font-size: 0.8em; line-height: 0.9em;\">Vous pouvez \u00e9galement en savoir plus sur la <a href=\"https:\/\/lbp-chauffage.fr\/wbst\/politique-de-confidentialite-et-dutilisation-des-donnees-personnelles-rgpd\/\">protection des donn\u00e9es<\/a> gr\u00e2ce \u00e0 notre page d&rsquo;informations sur les <a href=\"https:\/\/lbp-chauffage.fr\/wbst\/mentions-legales\/\">mentions l\u00e9gales<\/a> et sur les <a href=\"https:\/\/lbp-chauffage.fr\/wbst\/utilisation-des-cookies\/\">cookies<\/a>.<\/em><\/p>\n<\/div>\n<\/div>\n","protected":false},"excerpt":{"rendered":"<p>&#8211; T\u00e9l : Nous situer Nous vous informons qu\u2019au titre du respect de la r\u00e8glement europ\u00e9enne sur la protection des donn\u00e9es (RGPD), les informations communiqu\u00e9es par vos soins via ce formulaire permettent le traitement de votre demande. Elles sont transmises de mani\u00e8re s\u00e9curis\u00e9e \u00e0 l&rsquo;\u00e9diteur du site internet et stock\u00e9es dans un syst\u00e8me informatique s\u00e9curis\u00e9<\/p>\n","protected":false},"author":6,"featured_media":0,"parent":0,"menu_order":10,"comment_status":"closed","ping_status":"closed","template":"","meta":{"_acf_changed":false,"footnotes":""},"class_list":["post-7","page","type-page","status-publish","hentry"],"acf":[],"yoast_head":"<!-- This site is optimized with the Yoast SEO plugin v27.4 - https:\/\/yoast.com\/product\/yoast-seo-wordpress\/ -->\n<title>LBP Chauffage : installation plomberie, sanitaire - Paray-le-Monial 71<\/title>\n<meta name=\"robots\" content=\"index, follow, max-snippet:-1, max-image-preview:large, max-video-preview:-1\" \/>\n<link rel=\"canonical\" href=\"https:\/\/lbp-chauffage.fr\/wbst\/contact-plombier-chauffage-sanitaires-paray-cluny-71\/\" \/>\n<meta property=\"og:locale\" content=\"fr_FR\" \/>\n<meta property=\"og:type\" content=\"article\" \/>\n<meta property=\"og:title\" content=\"LBP Chauffage : installation plomberie, sanitaire - Paray-le-Monial 71\" \/>\n<meta property=\"og:description\" content=\"&#8211; T\u00e9l : Nous situer Nous vous informons qu\u2019au titre du respect de la r\u00e8glement europ\u00e9enne sur la protection des donn\u00e9es (RGPD), les informations communiqu\u00e9es par vos soins via ce formulaire permettent le traitement de votre demande. Elles sont transmises de mani\u00e8re s\u00e9curis\u00e9e \u00e0 l&rsquo;\u00e9diteur du site internet et stock\u00e9es dans un syst\u00e8me informatique s\u00e9curis\u00e9\" \/>\n<meta property=\"og:url\" content=\"https:\/\/lbp-chauffage.fr\/wbst\/contact-plombier-chauffage-sanitaires-paray-cluny-71\/\" \/>\n<meta property=\"og:site_name\" content=\"LBP Chauffage\" \/>\n<meta property=\"article:modified_time\" content=\"2024-08-29T14:33:55+00:00\" \/>\n<meta name=\"twitter:card\" content=\"summary_large_image\" \/>\n<meta name=\"twitter:label1\" content=\"Dur\u00e9e de lecture estim\u00e9e\" \/>\n\t<meta name=\"twitter:data1\" content=\"1 minute\" \/>\n<script type=\"application\/ld+json\" class=\"yoast-schema-graph\">{\"@context\":\"https:\\\/\\\/schema.org\",\"@graph\":[{\"@type\":\"WebPage\",\"@id\":\"https:\\\/\\\/lbp-chauffage.fr\\\/wbst\\\/contact-plombier-chauffage-sanitaires-paray-cluny-71\\\/\",\"url\":\"https:\\\/\\\/lbp-chauffage.fr\\\/wbst\\\/contact-plombier-chauffage-sanitaires-paray-cluny-71\\\/\",\"name\":\"LBP Chauffage : installation plomberie, sanitaire - Paray-le-Monial 71\",\"isPartOf\":{\"@id\":\"https:\\\/\\\/lbp-chauffage.fr\\\/wbst\\\/#website\"},\"datePublished\":\"2022-02-07T13:20:17+00:00\",\"dateModified\":\"2024-08-29T14:33:55+00:00\",\"breadcrumb\":{\"@id\":\"https:\\\/\\\/lbp-chauffage.fr\\\/wbst\\\/contact-plombier-chauffage-sanitaires-paray-cluny-71\\\/#breadcrumb\"},\"inLanguage\":\"fr-FR\",\"potentialAction\":[{\"@type\":\"ReadAction\",\"target\":[\"https:\\\/\\\/lbp-chauffage.fr\\\/wbst\\\/contact-plombier-chauffage-sanitaires-paray-cluny-71\\\/\"]}]},{\"@type\":\"BreadcrumbList\",\"@id\":\"https:\\\/\\\/lbp-chauffage.fr\\\/wbst\\\/contact-plombier-chauffage-sanitaires-paray-cluny-71\\\/#breadcrumb\",\"itemListElement\":[{\"@type\":\"ListItem\",\"position\":1,\"name\":\"Home\",\"item\":\"https:\\\/\\\/lbp-chauffage.fr\\\/wbst\\\/\"},{\"@type\":\"ListItem\",\"position\":2,\"name\":\"Contactez LBP Chauffage pour vos besoins en plomberie et sanitaire aux alentours de Cluny.\"}]},{\"@type\":\"WebSite\",\"@id\":\"https:\\\/\\\/lbp-chauffage.fr\\\/wbst\\\/#website\",\"url\":\"https:\\\/\\\/lbp-chauffage.fr\\\/wbst\\\/\",\"name\":\"LBP Chauffage\",\"description\":\"\",\"publisher\":{\"@id\":\"https:\\\/\\\/lbp-chauffage.fr\\\/wbst\\\/#organization\"},\"potentialAction\":[{\"@type\":\"SearchAction\",\"target\":{\"@type\":\"EntryPoint\",\"urlTemplate\":\"https:\\\/\\\/lbp-chauffage.fr\\\/wbst\\\/?s={search_term_string}\"},\"query-input\":{\"@type\":\"PropertyValueSpecification\",\"valueRequired\":true,\"valueName\":\"search_term_string\"}}],\"inLanguage\":\"fr-FR\"},{\"@type\":\"Organization\",\"@id\":\"https:\\\/\\\/lbp-chauffage.fr\\\/wbst\\\/#organization\",\"name\":\"LBP Chauffage\",\"url\":\"https:\\\/\\\/lbp-chauffage.fr\\\/wbst\\\/\",\"logo\":{\"@type\":\"ImageObject\",\"inLanguage\":\"fr-FR\",\"@id\":\"https:\\\/\\\/lbp-chauffage.fr\\\/wbst\\\/#\\\/schema\\\/logo\\\/image\\\/\",\"url\":\"https:\\\/\\\/lbp-chauffage.fr\\\/contenu\\\/uploads\\\/2022\\\/03\\\/lbp-chauffage-logo-footer.svg\",\"contentUrl\":\"https:\\\/\\\/lbp-chauffage.fr\\\/contenu\\\/uploads\\\/2022\\\/03\\\/lbp-chauffage-logo-footer.svg\",\"width\":515,\"height\":321,\"caption\":\"LBP Chauffage\"},\"image\":{\"@id\":\"https:\\\/\\\/lbp-chauffage.fr\\\/wbst\\\/#\\\/schema\\\/logo\\\/image\\\/\"}}]}<\/script>\n<!-- \/ Yoast SEO plugin. -->","yoast_head_json":{"title":"LBP Chauffage : installation plomberie, sanitaire - Paray-le-Monial 71","robots":{"index":"index","follow":"follow","max-snippet":"max-snippet:-1","max-image-preview":"max-image-preview:large","max-video-preview":"max-video-preview:-1"},"canonical":"https:\/\/lbp-chauffage.fr\/wbst\/contact-plombier-chauffage-sanitaires-paray-cluny-71\/","og_locale":"fr_FR","og_type":"article","og_title":"LBP Chauffage : installation plomberie, sanitaire - Paray-le-Monial 71","og_description":"&#8211; T\u00e9l : Nous situer Nous vous informons qu\u2019au titre du respect de la r\u00e8glement europ\u00e9enne sur la protection des donn\u00e9es (RGPD), les informations communiqu\u00e9es par vos soins via ce formulaire permettent le traitement de votre demande. Elles sont transmises de mani\u00e8re s\u00e9curis\u00e9e \u00e0 l&rsquo;\u00e9diteur du site internet et stock\u00e9es dans un syst\u00e8me informatique s\u00e9curis\u00e9","og_url":"https:\/\/lbp-chauffage.fr\/wbst\/contact-plombier-chauffage-sanitaires-paray-cluny-71\/","og_site_name":"LBP Chauffage","article_modified_time":"2024-08-29T14:33:55+00:00","twitter_card":"summary_large_image","twitter_misc":{"Dur\u00e9e de lecture estim\u00e9e":"1 minute"},"schema":{"@context":"https:\/\/schema.org","@graph":[{"@type":"WebPage","@id":"https:\/\/lbp-chauffage.fr\/wbst\/contact-plombier-chauffage-sanitaires-paray-cluny-71\/","url":"https:\/\/lbp-chauffage.fr\/wbst\/contact-plombier-chauffage-sanitaires-paray-cluny-71\/","name":"LBP Chauffage : installation plomberie, sanitaire - Paray-le-Monial 71","isPartOf":{"@id":"https:\/\/lbp-chauffage.fr\/wbst\/#website"},"datePublished":"2022-02-07T13:20:17+00:00","dateModified":"2024-08-29T14:33:55+00:00","breadcrumb":{"@id":"https:\/\/lbp-chauffage.fr\/wbst\/contact-plombier-chauffage-sanitaires-paray-cluny-71\/#breadcrumb"},"inLanguage":"fr-FR","potentialAction":[{"@type":"ReadAction","target":["https:\/\/lbp-chauffage.fr\/wbst\/contact-plombier-chauffage-sanitaires-paray-cluny-71\/"]}]},{"@type":"BreadcrumbList","@id":"https:\/\/lbp-chauffage.fr\/wbst\/contact-plombier-chauffage-sanitaires-paray-cluny-71\/#breadcrumb","itemListElement":[{"@type":"ListItem","position":1,"name":"Home","item":"https:\/\/lbp-chauffage.fr\/wbst\/"},{"@type":"ListItem","position":2,"name":"Contactez LBP Chauffage pour vos besoins en plomberie et sanitaire aux alentours de Cluny."}]},{"@type":"WebSite","@id":"https:\/\/lbp-chauffage.fr\/wbst\/#website","url":"https:\/\/lbp-chauffage.fr\/wbst\/","name":"LBP Chauffage","description":"","publisher":{"@id":"https:\/\/lbp-chauffage.fr\/wbst\/#organization"},"potentialAction":[{"@type":"SearchAction","target":{"@type":"EntryPoint","urlTemplate":"https:\/\/lbp-chauffage.fr\/wbst\/?s={search_term_string}"},"query-input":{"@type":"PropertyValueSpecification","valueRequired":true,"valueName":"search_term_string"}}],"inLanguage":"fr-FR"},{"@type":"Organization","@id":"https:\/\/lbp-chauffage.fr\/wbst\/#organization","name":"LBP Chauffage","url":"https:\/\/lbp-chauffage.fr\/wbst\/","logo":{"@type":"ImageObject","inLanguage":"fr-FR","@id":"https:\/\/lbp-chauffage.fr\/wbst\/#\/schema\/logo\/image\/","url":"https:\/\/lbp-chauffage.fr\/contenu\/uploads\/2022\/03\/lbp-chauffage-logo-footer.svg","contentUrl":"https:\/\/lbp-chauffage.fr\/contenu\/uploads\/2022\/03\/lbp-chauffage-logo-footer.svg","width":515,"height":321,"caption":"LBP Chauffage"},"image":{"@id":"https:\/\/lbp-chauffage.fr\/wbst\/#\/schema\/logo\/image\/"}}]}},"_links":{"self":[{"href":"https:\/\/lbp-chauffage.fr\/wbst\/wp-json\/wp\/v2\/pages\/7","targetHints":{"allow":["GET"]}}],"collection":[{"href":"https:\/\/lbp-chauffage.fr\/wbst\/wp-json\/wp\/v2\/pages"}],"about":[{"href":"https:\/\/lbp-chauffage.fr\/wbst\/wp-json\/wp\/v2\/types\/page"}],"author":[{"embeddable":true,"href":"https:\/\/lbp-chauffage.fr\/wbst\/wp-json\/wp\/v2\/users\/6"}],"replies":[{"embeddable":true,"href":"https:\/\/lbp-chauffage.fr\/wbst\/wp-json\/wp\/v2\/comments?post=7"}],"version-history":[{"count":0,"href":"https:\/\/lbp-chauffage.fr\/wbst\/wp-json\/wp\/v2\/pages\/7\/revisions"}],"wp:attachment":[{"href":"https:\/\/lbp-chauffage.fr\/wbst\/wp-json\/wp\/v2\/media?parent=7"}],"curies":[{"name":"wp","href":"https:\/\/api.w.org\/{rel}","templated":true}]}}